1
What is 27 + 42 + (-43 - 2)?
24
Calculate (-41 - -25) + (-86 - (-8 - 38)).
-56
What is 17 + (11 - 21) + 2 + 15 + -119?
-95
What is the value of 29 - (-1 - (9 + (-29 - -50)))?
60
Evaluate -1 + 2 + 5 + 0 + (11 - -28) + 10.
55
(-4 - 24) + (-7 + 22 - 2)
-15
Calculate 0 + (-74 + 21 - (-2 + -15)).
-36
What is the value of 417 - 483 - (-1 - 202) - (-2 - 0)?
139
Calculate 80 + 23 + -47 + -1 + 63.
118
Calculate 16 + 1 + (18 - 19) + -3.
13
What is -618 - -605 - (1 + -16) - 41?
-39
Calculate (77 - 34 - -26) + -119.
-50
Calculate 64 + -83 + (48 - 3) - 3.
23
What is the value of 6 + (-49 - -22) + 9 - (-1 - -35)?
-46
Calculate 72 + 2 + (-1208 - -1155).
21
Evaluate -17 - 4 - (-645 - -580).
44
Calculate 4844 + -4870 - (0 - 11 - 1) - (-10 + 2).
-6
What is the value of 21 - (-25 + -20 + -6 + 59)?
13
Calculate -38 + -2 + -1 + (-46 + 36 - (-17 - 3)).
-31
43 + (86 + -55 - (18 + -30))
86
86 - (32 - (56 - 79))
31
Evaluate (107 - (41 + 81)) + 104.
89
77 + -6 + (-80 - -76)
67
Evaluate 9 + (-139 - -146) + (-55 - -3) + -1 + 9.
-28
Calculate -8 + 13 + -3 + -5 + -13 + -10.
-26
What is -124 + (124 - -244) + -128?
116
What is (-20 + 37 - -2 - 22) + -34?
-37
Calculate 47 + -57 - (-3 + 0 - 45).
38
Evaluate -5 - -12 - (222 + -221).
6
54 + -163 + (32 - (-2 + 20))
-95
What is the value of (184 - 114) + -68 - -7?
9
(-51 + -50 - -132) + -3 + -109
-81
Evaluate (-33 - (-9 - 10)) + (-25 + 21 - (0 + -29)).
11
-32 + -113 + 109 + -7 + 45
2
What is -24 - (49 + -115 + 10) - -44?
76
What is the value of -61 + (-36 + 22 + 0 + 15 - 2)?
-62
What is the value of 6 - 6 - (-24 + 8) - (-9 - -3)?
22
42 + 0 + 78 + -45 + -39
36
What is the value of 2 - -85 - (-3108 - -3156)?
39
-14 + 39 + -9 + (-6 - 2) + -70
-62
What is -53 + (95 - (33 - 47))?
56
What is (22 - 0) + (43 - 14) + -43 + -66 + -1?
-59
Calculate 78 - (100 - 0) - (0 - 35).
13
What is (9 - 11) + 30 + -21 + -11?
-4
What is (-106 - (54 - 154)) + -9 + 1?
-14
Evaluate 10 + (3 - 1 - 12 - (4 - (-4 - -4))).
-4
(2 - -42 - (-1373 + 1358)) + 14
73
What is 19 + (-53 - -13) + 38?
17
What is the value of (36 + 15 - 7) + -41?
3
What is -1 - 35 - (30 - (42 - (-6 - -25)))?
-43
(1 + -12 + 13 + 1 - -15) + 2
20
-3 - ((-543 - -551) + (-3 - -3) + 47)
-58
Calculate (1 - 0) + -14 + 2 + (-54 - (-62 + 20)).
-23
Calculate 1 + 18 + -35 + 14 + 76.
74
What is (1 + (-14 - 0) - (1074 + -1088)) + (-2 - -5)?
4
Calculate -1 + 37 + 55 + -111.
-20
147 - (131 - 18 - 13)
47
What is 18 - 25 - (8 - (-7 + (-2 - -11) + 29))?
16
What is the value of ((-4 - 2) + 5 - -38) + -7 + 11 + -8?
33
Calculate 105 + -95 - 27 - (58 + (0 - -1)).
-76
-8 - ((1 - -12) + (-8 - (-11 + 59)))
35
-712 + 706 - (1 + 1 - (4 + -5 - -21))
12
Calculate 96 + 0 + 0 + 91 + (165 - 68 - 177).
107
4 + -13 + (11 - 6) + (-15 - -54)
35
What is the value of (-9 - (-6 + 0)) + 21 + (-11 - 58)?
-51
Evaluate (6 - 0) + -128 + (263 - 130).
11
What is 2 + 0 - 49 - (-80 - -50 - -39)?
-56
(-8 + (-4 - -11) - (-1 - 13)) + 57 + -140
-70
What is the value of 82 + 2 + -5 + -4 + 19 + -12?
82
Evaluate 38 + (41 - 70) - -4.
13
65 - ((-53 - -50) + 11)
57
Evaluate 14 - ((18 - 24 - (-2 - 5)) + -5).
18
Calculate (-59 - -116) + -57 - ((0 - -1) + -4) - 14.
-11
What is 1509 + -1463 - (0 - -84)?
-38
Calculate -67 - (((-4 - 0) + -6 - (21 + -25)) + -4).
-57
Calculate -24 - (1 + (-32 - -25) - (1 - 0)).
-17
Evaluate 64 + 13 + -64 - (0 + 2 + -16).
27
What is the value of (1 - -22) + (181 - 209) - -29?
24
What is -64 + 14 + 135 - 42?
43
What is the value of 23 - (127 + -1 - (748 + -729))?
-84
Evaluate -12 - (-160 + (20 - (22 - (25 + -1)))).
126
Calculate -32 - -43 - (2 + 8 + (3 - 4)) - 1.
1
Evaluate 127 - ((114 - 216) + 233).
-4
Evaluate 147 - 96 - 40 - (4 - (-42 + 0)).
-35
Calculate ((-2 - 12) + -14 - -11) + 8 + -102.
-111
Evaluate (27 + -106 - 14) + 63.
-30
What is the value of (20 - (26 - 14)) + (1 - 1) + -2?
6
Calculate (-10 - (-62 + 117)) + 98.
33
What is -666 + 695 - (23 + -2) - 72?
-64
What is the value of (41 + -5 + 7 - (-4 - -1)) + (-12 - -10)?
44
What is the value of -69 + -40 + (-51 - -107)?
-53
What is the value of 2 + (1 - 1 - 2) - (2106 - 2142)?
36
What is the value of 8 + -67 + 40 + -21?
-40
What is 18 + (7 - (114 + 0) - (-64 + 56))?
-81
What is the value of (13 - 9) + -5 - -15 - 9?
5
Evaluate 25 + 19 + -13 - (-23 + 108).
-54
-2 + -12 + -43 + -1 + 80 + -34 + -59
-71
What is the value of -182 + 108 + (27 - -1)?
-46
Calculate 76 - 84 - -63 - -15.
70
185 + -127 - (55 + -9)
12
What is (-69 - 28) + 29 + -26?
-94
What is the value of -3 - ((0 - -8) + (89 - 87))?
-13
63 - ((43 - 132) + 197)
-45
What is the value of 11 + (-52 - -32) - ((9 - -10) + -7)?
-21
-15 - (10 + -8 + -32 - (43 + -50))
8
Evaluate 102 - 18 - (-6 + -11 + 44).
57
What is 95 + (1 - 19) + -111 + 118?
84
What is (0 - -21) + -35 + -15 + 14?
-15
What is 106 - (-13 - -200 - 129)?
48
What is the value of (-23 - (0 + (35 - 23))) + -14?
-49
What is the value of (-23 - (-7 - 0)) + 0 - (76 - 19)?
-73
What is -10 - ((0 - 16) + (17 - (14 - 76)))?
-73
Calculate 2 - (9 + -2 + -9) - 12 - (0 - -37).
-45
What is the value of 19 + (47 - 32) - 86?
-52
Calculate (-2 - -2) + -94 + (-92 - (-71 + -31)).
-84
What is the value of -27 - -33 - (50 + (-10 - -11)) - -11?
-34
Evaluate -2 + (-16 - (29 - 45)) + 12 + -4.
6
-1 + 12 + (11 - (6 + 0 + -6))
22
What is -13 - (-12 + (-29 - -10))?
18
48 + (9 - (49 - 36) - (7 + -2))
39
What is the value of -5 - (-51 - (-25 + (-3 - (2 + -16))))?
32
Evaluate 36 + (19 - (67 + -82)).
70
Evaluate (7 - (3 + 6 + -12 + 1)) + -10 + -66.
-67
-93 - (-1 + 2 - (28 + (-30 - 7) - 1))
-104
(15 - -1) + (41 - (65 + -26))
18
What is -62 - -1 - (4459 + -4575)?
55
What is the value of -458 + 496 + -74 + -4?
-40
What is 89 - (26 + -24 - -60)?
27
Evaluate (-13 - 30) + 81 - 78.
-40
What is (38 + -20 - 51) + 63?
30
What is the value of 44 + (-6 + 31 - 31)?
38
Calculate 0 - -9 - 3 - -8 - (57 + -61 + 98).
-80
Calculate (-10 - -19) + (13 - 2) + (1 + 9 - -3).
33
(-47 - -79) + -54 + -7 + 6 + -3
-26
0 + -1 - (2 - 0) - -13 - (-15 - -16)
9
-18 - ((-43 - 8) + 77)
-44
What is the value of 21 - 10 - (-105 + 100)?
16
What is the value of -44 + 70 + 110 + -107?
29
What is the value of (-15 - -1) + (-74 - -84) + 40?
36
What is the value of (-119 - -40) + (-12 - -1) + (35 - 12)?
-67
What is the value of 21 - (33 + (-41 - -20) + 23)?
-14
Calculate -50 + (60 - -58) - (-2 - -1 - (4 + -11)).
62
(6 + 34 - 19) + (-16 - -17) + 11 + 1
34
What is the value of 28 + (-5 + -158 - 6) + 2?
-139
Evaluate 101 + (-4 + 6 - (10 + (-6 - 3))).
102
Evaluate -27 + -62 + -38 - -46 - 35.
-116
Evaluate -23 - (-124 + 126 + (-9 + -5 - -5)).
-16
Calculate -40 - (-61 - -57 - (5 + (-2 - 0) - -3)).
-30
Calculate (3 - -18) + 24 + (2 - -2) + 18 + -12.
55
Calculate 5 + -59 + 46 + 5.
-3
What is the value of -6 + -1 + -40 + (36 - 22)?
-33
What is the value of 6821 + -6793 + (1 - 0 - 2) + (0 - 1)?
26
-9 - (22 - (-4 + (23 - 0)))
-12
What is the value of -8 + -13 + -2 + 15 + (7 - 10) + 5?
-6
What is -5 + (-3 + (15 - 23) - -15) + -12 + -103?
-116
Evaluate ((-42 - -1) + 34 - (-1 + -1 - 2)) + 34.
31
Evaluate -109 - (9 - 13 - (42 + -39 + -18)).
-120
What is 15 + (1 - 16 - -22) + 12?
34
Calculate 1 + 162 + -157 + -1 + -20 + -59.
-74
What is 3 - (-1 + 18 - (2 - -18))?
6
Calculate 10 + (-7 + 4 + (-18 - -19) - -10).
18
What is the value of (-5 + 1 - (105 + -115)) + (4 - 81) + -10?
-81
Calculate (-4 - -20 - 0) + -26.
-10
What is (-18 - (-7 + (-2 - 17))) + -65?
-57
Evaluate -55 - (-131 + 17 + 47).
12
4 - 16 - (43 - (-35 + 89)) - 112
-113
What is 87 + -187 + 1 + 1 + -4 + 8 + 8?
-86
(76 + -4 - -20) + -14 + -2 - 9
67
What is the value of 84 - ((4 - 7) + 4) - (-11 + -21 + 19)?
96
What is the value of -48 - (-22 + -43) - 62?
-45
Evaluate 27 - (-28 + 13 - -18) - -6.
30
What is the value of 1 - 1 - -4 - (-7 + -4 - -52) - 7?
-44
66 + -280 + 99 + 74
-41
What is -3 + (0 - (4 + 5)) + -97 + 60?
-49
11 - (81 - 75 - -25)
-20
What is -32 + 15 + 5 + 42 + -1 + 4 + -8?
25
Calculate (75 - (37 + -12)) + 1.
51
33 - -5 - 119 - (-56 + 30)
-55
Calculate (-127 - -124) + -2 + 5 + (-54 - -2).
-52
Calculate -42 + (57 - -55) + -31.
39
Evaluate 53 + 47 + -103 + (5 - 1) - (-5 + -2).
8
12 + 0 + 1 + -22 + 189 + -146 + 13
47
97 + -110 + 166 + -70
83
11 + 12 + 6 + -38 + 29 + (0 - 0)
20
What is the value of 343 + -328 + (6 - (-5 + 3 + 7)) + -8?
8
What is (7 - 3) + (5 - 50) + 58 + (-63